{"id":1359,"date":"2018-09-02T07:17:58","date_gmt":"2018-09-02T07:17:58","guid":{"rendered":"https:\/\/www.tennisanlage-starnberg.de\/?page_id=1359"},"modified":"2026-03-03T16:31:20","modified_gmt":"2026-03-03T15:31:20","slug":"bistro","status":"publish","type":"page","link":"https:\/\/www.tennisanlage-starnberg.de\/?page_id=1359","title":{"rendered":"Gastst\u00e4tte: Pizzeria Trattoria La Sportiva"},"content":{"rendered":"\t\t<div data-elementor-type=\"wp-post\" data-elementor-id=\"1359\" class=\"elementor elementor-1359\">\n\t\t\t\t\t\t<section class=\"elementor-section elementor-top-section elementor-element elementor-element-bf60b35 elementor-section-boxed elementor-section-height-default elementor-section-height-default\" data-id=\"bf60b35\" data-element_type=\"section\" data-e-type=\"section\">\n\t\t\t\t\t\t<div class=\"elementor-container elementor-column-gap-default\">\n\t\t\t\t\t<div class=\"elementor-column elementor-col-100 elementor-top-column elementor-element elementor-element-c4a8efc\" data-id=\"c4a8efc\" data-element_type=\"column\" data-e-type=\"column\">\n\t\t\t<div class=\"elementor-widget-wrap elementor-element-populated\">\n\t\t\t\t\t\t<div class=\"elementor-element elementor-element-b316bd2 elementor-widget elementor-widget-text-editor\" data-id=\"b316bd2\" data-element_type=\"widget\" data-e-type=\"widget\" data-widget_type=\"text-editor.default\">\n\t\t\t\t<div class=\"elementor-widget-container\">\n\t\t\t\t\t\t\t\t\t<p>Edward Gomes ist neuer Wirt im \u201eLa Sportiva\u201c! Der 1962 in Bangladesch geborene Koch ist bengalisch-portugiesischer Abstammung und hat bereits in zahlreichen internationalen K\u00fcchen gearbeitet. Er war in Bombay und Bahrain, aber auch an mehreren deutschen Herden erfolgreich t\u00e4tig. So hat er im Hilton-Parkhotel in M\u00fcnchen gekocht, dort das Betriebsrestaurant der Commerzbank geleitet und war Chefkoch in der M\u00fcnchener Zweigstelle der Eurest GmbH, dem gr\u00f6\u00dften deutschen Catering Unternehmen.<\/p><p>Edward Gomes versteht es, seine G\u00e4ste mit Speisen aus aller Welt zu verw\u00f6hnen. Im \u201eLa Sportiva\u201c setzt er auf die bew\u00e4hrte Qualit\u00e4t der italienischen K\u00fcche und ist ein Garant daf\u00fcr, dass Pizza und Pasta wie gewohnt schmecken.<\/p><p>Gomes erweitert die Men\u00fckarte aber auch um einige Schmankerl des asiatischen Raums. Wir w\u00fcnschen guten Appetit!<\/p><p><span style=\"font-size: 1rem;\">Entdecken Sie unserer K\u00f6stlichkeiten in der\u00a0<\/span><a href=\"https:\/\/www.tennisanlage-starnberg.de\/wp-content\/uploads\/2024\/11\/La_Sportiva_Speisekarte_2024-11-06.pdf\" target=\"_blank\" rel=\"noopener\">Speisekarte<\/a> und der <a href=\"https:\/\/www.tennisanlage-starnberg.de\/wp-content\/uploads\/2024\/11\/La_Sportiva_Getraenke_2024-11-06.pdf\" target=\"_blank\" rel=\"noopener\">Getr\u00e4nkekarte<\/a><span style=\"font-size: 1rem;\">.<\/span><\/p><p>Bestellungen werden unter<\/p><p>Tel: <a href=\"tel:+4981515508209\">08151 \/ 5508209<\/a><\/p><p>auch gerne \u00fcber\u00a0<a href=\"https:\/\/www.lieferando.de\/speisekarte\/pizzeria-trattoria-la-sportiva\" target=\"_blank\" rel=\"noopener\">Lieferando<\/a>\u00a0entgegengenommen.<\/p><h3>\u00d6FFNUNGSZEITEN<\/h3><p>Mo, Di, Do, Fr:<br \/>10:30 &#8211; 14:00 und 17:00 &#8211; 22:00 Uhr normale K\u00fcche<br \/><span style=\"font-size: 1rem;\">14:00 &#8211; 17:00 Uhr kleine K\u00fcche<\/span><\/p><p>Sa, So und feiertags:<br \/>10:30 &#8211; 22:00 Uhr normale K\u00fcche<\/p><p>mittwochs (au\u00dfer wenn ein Feiertag!) Ruhetag<\/p>\t\t\t\t\t\t\t\t<\/div>\n\t\t\t\t<\/div>\n\t\t\t\t<div class=\"elementor-element elementor-element-e32e8f4 elementor-widget elementor-widget-video\" data-id=\"e32e8f4\" data-element_type=\"widget\" data-e-type=\"widget\" data-settings=\"{&quot;video_type&quot;:&quot;hosted&quot;,&quot;controls&quot;:&quot;yes&quot;}\" data-widget_type=\"video.default\">\n\t\t\t\t<div class=\"elementor-widget-container\">\n\t\t\t\t\t\t\t<div class=\"e-hosted-video elementor-wrapper elementor-open-inline\">\n\t\t\t\t\t<video class=\"elementor-video\" src=\"https:\/\/www.tennisanlage-starnberg.de\/wp-content\/uploads\/2020\/07\/La_Sportiva_Pizzeria.mp4\" controls=\"\" preload=\"metadata\" controlsList=\"nodownload\" poster=\"https:\/\/www.tennisanlage-starnberg.de\/wp-content\/uploads\/2020\/05\/Holzofenpizza.jpg\"><\/video>\n\t\t\t\t<\/div>\n\t\t\t\t\t\t<\/div>\n\t\t\t\t<\/div>\n\t\t\t\t<div class=\"elementor-element elementor-element-50e5fe6 elementor-widget elementor-widget-text-editor\" data-id=\"50e5fe6\" data-element_type=\"widget\" data-e-type=\"widget\" data-widget_type=\"text-editor.default\">\n\t\t\t\t<div class=\"elementor-widget-container\">\n\t\t\t\t\t\t\t\t\t<p><b><a href=\"https:\/\/izzy-film.com\/\" target=\"_blank\" rel=\"noopener\">Izzy Film<\/a> &#8211; Filmproduktion M\u00fcnchen<\/b><\/p>\t\t\t\t\t\t\t\t<\/div>\n\t\t\t\t<\/div>\n\t\t\t\t<div class=\"elementor-element elementor-element-219f1c3 elementor-widget elementor-widget-image-gallery\" data-id=\"219f1c3\" data-element_type=\"widget\" data-e-type=\"widget\" data-widget_type=\"image-gallery.default\">\n\t\t\t\t<div class=\"elementor-widget-container\">\n\t\t\t\t\t\t\t<div class=\"elementor-image-gallery\">\n\t\t\t<div id='gallery-1' class='gallery galleryid-1359 gallery-columns-3 gallery-size-medium'><figure class='gallery-item'>\n\t\t\t<div class='gallery-icon portrait'>\n\t\t\t\t<a data-elementor-open-lightbox=\"yes\" data-elementor-lightbox-slideshow=\"219f1c3\" data-elementor-lightbox-title=\"5SterneLieferando\" data-e-action-hash=\"#elementor-action%3Aaction%3Dlightbox%26settings%3DeyJpZCI6Mzc3NiwidXJsIjoiaHR0cHM6XC9cL3d3dy50ZW5uaXNhbmxhZ2Utc3Rhcm5iZXJnLmRlXC93cC1jb250ZW50XC91cGxvYWRzXC8yMDIzXC8wNlwvNVN0ZXJuZUxpZWZlcmFuZG8uanBnIiwic2xpZGVzaG93IjoiMjE5ZjFjMyJ9\" href='https:\/\/www.tennisanlage-starnberg.de\/wp-content\/uploads\/2023\/06\/5SterneLieferando.jpg'><img fetchpriority=\"high\" decoding=\"async\" width=\"216\" height=\"300\" src=\"https:\/\/www.tennisanlage-starnberg.de\/wp-content\/uploads\/2023\/06\/5SterneLieferando-216x300.jpg\" class=\"attachment-medium size-medium\" alt=\"\" aria-describedby=\"gallery-1-3776\" srcset=\"https:\/\/www.tennisanlage-starnberg.de\/wp-content\/uploads\/2023\/06\/5SterneLieferando-216x300.jpg 216w, https:\/\/www.tennisanlage-starnberg.de\/wp-content\/uploads\/2023\/06\/5SterneLieferando-739x1024.jpg 739w, https:\/\/www.tennisanlage-starnberg.de\/wp-content\/uploads\/2023\/06\/5SterneLieferando-768x1064.jpg 768w, https:\/\/www.tennisanlage-starnberg.de\/wp-content\/uploads\/2023\/06\/5SterneLieferando.jpg 850w\" sizes=\"(max-width: 216px) 100vw, 216px\" \/><\/a>\n\t\t\t<\/div>\n\t\t\t\t<figcaption class='wp-caption-text gallery-caption' id='gallery-1-3776'>\n\t\t\t\t5 Sterne Lieferando\n\t\t\t\t<\/figcaption><\/figure><figure class='gallery-item'>\n\t\t\t<div class='gallery-icon landscape'>\n\t\t\t\t<a data-elementor-open-lightbox=\"yes\" data-elementor-lightbox-slideshow=\"219f1c3\" data-elementor-lightbox-title=\"Terrasse\" data-e-action-hash=\"#elementor-action%3Aaction%3Dlightbox%26settings%3DeyJpZCI6MTYwNywidXJsIjoiaHR0cHM6XC9cL3d3dy50ZW5uaXNhbmxhZ2Utc3Rhcm5iZXJnLmRlXC93cC1jb250ZW50XC91cGxvYWRzXC8yMDE4XC8wOVwvVGVycmFzc2UuanBnIiwic2xpZGVzaG93IjoiMjE5ZjFjMyJ9\" href='https:\/\/www.tennisanlage-starnberg.de\/wp-content\/uploads\/2018\/09\/Terrasse.jpg'><img decoding=\"async\" width=\"300\" height=\"200\" src=\"https:\/\/www.tennisanlage-starnberg.de\/wp-content\/uploads\/2018\/09\/Terrasse-300x200.jpg\" class=\"attachment-medium size-medium\" alt=\"\" aria-describedby=\"gallery-1-1607\" srcset=\"https:\/\/www.tennisanlage-starnberg.de\/wp-content\/uploads\/2018\/09\/Terrasse-300x200.jpg 300w, https:\/\/www.tennisanlage-starnberg.de\/wp-content\/uploads\/2018\/09\/Terrasse-768x512.jpg 768w, https:\/\/www.tennisanlage-starnberg.de\/wp-content\/uploads\/2018\/09\/Terrasse-1024x683.jpg 1024w\" sizes=\"(max-width: 300px) 100vw, 300px\" \/><\/a>\n\t\t\t<\/div>\n\t\t\t\t<figcaption class='wp-caption-text gallery-caption' id='gallery-1-1607'>\n\t\t\t\tTerrasse\n\t\t\t\t<\/figcaption><\/figure><figure class='gallery-item'>\n\t\t\t<div class='gallery-icon landscape'>\n\t\t\t\t<a data-elementor-open-lightbox=\"yes\" data-elementor-lightbox-slideshow=\"219f1c3\" data-elementor-lightbox-title=\"Gastst\u00e4tte\" data-e-action-hash=\"#elementor-action%3Aaction%3Dlightbox%26settings%3DeyJpZCI6MTc4MSwidXJsIjoiaHR0cHM6XC9cL3d3dy50ZW5uaXNhbmxhZ2Utc3Rhcm5iZXJnLmRlXC93cC1jb250ZW50XC91cGxvYWRzXC8yMDIwXC8wNFwvR2FzdHN0XHUwMGU0dHRlLmpwZyIsInNsaWRlc2hvdyI6IjIxOWYxYzMifQ%3D%3D\" href='https:\/\/www.tennisanlage-starnberg.de\/wp-content\/uploads\/2020\/04\/Gastst\u00e4tte.jpg'><img decoding=\"async\" width=\"300\" height=\"225\" src=\"https:\/\/www.tennisanlage-starnberg.de\/wp-content\/uploads\/2020\/04\/Gastst\u00e4tte-300x225.jpg\" class=\"attachment-medium size-medium\" alt=\"\" aria-describedby=\"gallery-1-1781\" srcset=\"https:\/\/www.tennisanlage-starnberg.de\/wp-content\/uploads\/2020\/04\/Gastst\u00e4tte-300x225.jpg 300w, https:\/\/www.tennisanlage-starnberg.de\/wp-content\/uploads\/2020\/04\/Gastst\u00e4tte-1024x768.jpg 1024w, https:\/\/www.tennisanlage-starnberg.de\/wp-content\/uploads\/2020\/04\/Gastst\u00e4tte-768x576.jpg 768w, https:\/\/www.tennisanlage-starnberg.de\/wp-content\/uploads\/2020\/04\/Gastst\u00e4tte.jpg 1080w\" sizes=\"(max-width: 300px) 100vw, 300px\" \/><\/a>\n\t\t\t<\/div>\n\t\t\t\t<figcaption class='wp-caption-text gallery-caption' id='gallery-1-1781'>\n\t\t\t\tGastst\u00e4tte\n\t\t\t\t<\/figcaption><\/figure><figure class='gallery-item'>\n\t\t\t<div class='gallery-icon portrait'>\n\t\t\t\t<a data-elementor-open-lightbox=\"yes\" data-elementor-lightbox-slideshow=\"219f1c3\" data-elementor-lightbox-title=\"Kindergeburtstagsfeier\" data-e-action-hash=\"#elementor-action%3Aaction%3Dlightbox%26settings%3DeyJpZCI6MTYzMiwidXJsIjoiaHR0cHM6XC9cL3d3dy50ZW5uaXNhbmxhZ2Utc3Rhcm5iZXJnLmRlXC93cC1jb250ZW50XC91cGxvYWRzXC8yMDE4XC8xMVwvSU1HXzAzOTAtZTE1NDI5MTU3NjQ3MjEuanBnIiwic2xpZGVzaG93IjoiMjE5ZjFjMyJ9\" href='https:\/\/www.tennisanlage-starnberg.de\/wp-content\/uploads\/2018\/11\/IMG_0390-e1542915764721.jpg'><img loading=\"lazy\" decoding=\"async\" width=\"225\" height=\"300\" src=\"https:\/\/www.tennisanlage-starnberg.de\/wp-content\/uploads\/2018\/11\/IMG_0390-e1542915764721-225x300.jpg\" class=\"attachment-medium size-medium\" alt=\"\" aria-describedby=\"gallery-1-1632\" srcset=\"https:\/\/www.tennisanlage-starnberg.de\/wp-content\/uploads\/2018\/11\/IMG_0390-e1542915764721-225x300.jpg 225w, https:\/\/www.tennisanlage-starnberg.de\/wp-content\/uploads\/2018\/11\/IMG_0390-e1542915764721-768x1024.jpg 768w, https:\/\/www.tennisanlage-starnberg.de\/wp-content\/uploads\/2018\/11\/IMG_0390-e1542915764721.jpg 1512w\" sizes=\"(max-width: 225px) 100vw, 225px\" \/><\/a>\n\t\t\t<\/div>\n\t\t\t\t<figcaption class='wp-caption-text gallery-caption' id='gallery-1-1632'>\n\t\t\t\tKindergeburtstagsfeier\n\t\t\t\t<\/figcaption><\/figure><figure class='gallery-item'>\n\t\t\t<div class='gallery-icon portrait'>\n\t\t\t\t<a data-elementor-open-lightbox=\"yes\" data-elementor-lightbox-slideshow=\"219f1c3\" data-elementor-lightbox-title=\"K\u00fcche\" data-e-action-hash=\"#elementor-action%3Aaction%3Dlightbox%26settings%3DeyJpZCI6MTg0OSwidXJsIjoiaHR0cHM6XC9cL3d3dy50ZW5uaXNhbmxhZ2Utc3Rhcm5iZXJnLmRlXC93cC1jb250ZW50XC91cGxvYWRzXC8yMDIwXC8wNVwvS1x1MDBmY2NoZS5qcGciLCJzbGlkZXNob3ciOiIyMTlmMWMzIn0%3D\" href='https:\/\/www.tennisanlage-starnberg.de\/wp-content\/uploads\/2020\/05\/K\u00fcche.jpg'><img loading=\"lazy\" decoding=\"async\" width=\"225\" height=\"300\" src=\"https:\/\/www.tennisanlage-starnberg.de\/wp-content\/uploads\/2020\/05\/K\u00fcche-225x300.jpg\" class=\"attachment-medium size-medium\" alt=\"\" aria-describedby=\"gallery-1-1849\" srcset=\"https:\/\/www.tennisanlage-starnberg.de\/wp-content\/uploads\/2020\/05\/K\u00fcche-225x300.jpg 225w, https:\/\/www.tennisanlage-starnberg.de\/wp-content\/uploads\/2020\/05\/K\u00fcche-768x1025.jpg 768w, https:\/\/www.tennisanlage-starnberg.de\/wp-content\/uploads\/2020\/05\/K\u00fcche.jpg 850w\" sizes=\"(max-width: 225px) 100vw, 225px\" \/><\/a>\n\t\t\t<\/div>\n\t\t\t\t<figcaption class='wp-caption-text gallery-caption' id='gallery-1-1849'>\n\t\t\t\tK\u00fcche\n\t\t\t\t<\/figcaption><\/figure><figure class='gallery-item'>\n\t\t\t<div class='gallery-icon portrait'>\n\t\t\t\t<a data-elementor-open-lightbox=\"yes\" data-elementor-lightbox-slideshow=\"219f1c3\" data-elementor-lightbox-title=\"Koch und Pizza\" data-e-action-hash=\"#elementor-action%3Aaction%3Dlightbox%26settings%3DeyJpZCI6MTg0OCwidXJsIjoiaHR0cHM6XC9cL3d3dy50ZW5uaXNhbmxhZ2Utc3Rhcm5iZXJnLmRlXC93cC1jb250ZW50XC91cGxvYWRzXC8yMDIwXC8wNVwvS29jaFBpenphLmpwZyIsInNsaWRlc2hvdyI6IjIxOWYxYzMifQ%3D%3D\" href='https:\/\/www.tennisanlage-starnberg.de\/wp-content\/uploads\/2020\/05\/KochPizza.jpg'><img loading=\"lazy\" decoding=\"async\" width=\"216\" height=\"300\" src=\"https:\/\/www.tennisanlage-starnberg.de\/wp-content\/uploads\/2020\/05\/KochPizza-216x300.jpg\" class=\"attachment-medium size-medium\" alt=\"\" aria-describedby=\"gallery-1-1848\" srcset=\"https:\/\/www.tennisanlage-starnberg.de\/wp-content\/uploads\/2020\/05\/KochPizza-216x300.jpg 216w, https:\/\/www.tennisanlage-starnberg.de\/wp-content\/uploads\/2020\/05\/KochPizza-739x1024.jpg 739w, https:\/\/www.tennisanlage-starnberg.de\/wp-content\/uploads\/2020\/05\/KochPizza-768x1064.jpg 768w, https:\/\/www.tennisanlage-starnberg.de\/wp-content\/uploads\/2020\/05\/KochPizza.jpg 850w\" sizes=\"(max-width: 216px) 100vw, 216px\" \/><\/a>\n\t\t\t<\/div>\n\t\t\t\t<figcaption class='wp-caption-text gallery-caption' id='gallery-1-1848'>\n\t\t\t\tPizza funghi oliva\n\t\t\t\t<\/figcaption><\/figure><figure class='gallery-item'>\n\t\t\t<div class='gallery-icon portrait'>\n\t\t\t\t<a data-elementor-open-lightbox=\"yes\" data-elementor-lightbox-slideshow=\"219f1c3\" data-elementor-lightbox-title=\"Holzofenpizza\" data-e-action-hash=\"#elementor-action%3Aaction%3Dlightbox%26settings%3DeyJpZCI6MTg0NiwidXJsIjoiaHR0cHM6XC9cL3d3dy50ZW5uaXNhbmxhZ2Utc3Rhcm5iZXJnLmRlXC93cC1jb250ZW50XC91cGxvYWRzXC8yMDIwXC8wNVwvSG9sem9mZW5waXp6YS5qcGciLCJzbGlkZXNob3ciOiIyMTlmMWMzIn0%3D\" href='https:\/\/www.tennisanlage-starnberg.de\/wp-content\/uploads\/2020\/05\/Holzofenpizza.jpg'><img loading=\"lazy\" decoding=\"async\" width=\"225\" height=\"300\" src=\"https:\/\/www.tennisanlage-starnberg.de\/wp-content\/uploads\/2020\/05\/Holzofenpizza-225x300.jpg\" class=\"attachment-medium size-medium\" alt=\"\" aria-describedby=\"gallery-1-1846\" srcset=\"https:\/\/www.tennisanlage-starnberg.de\/wp-content\/uploads\/2020\/05\/Holzofenpizza-225x300.jpg 225w, https:\/\/www.tennisanlage-starnberg.de\/wp-content\/uploads\/2020\/05\/Holzofenpizza-768x1025.jpg 768w, https:\/\/www.tennisanlage-starnberg.de\/wp-content\/uploads\/2020\/05\/Holzofenpizza.jpg 850w\" sizes=\"(max-width: 225px) 100vw, 225px\" \/><\/a>\n\t\t\t<\/div>\n\t\t\t\t<figcaption class='wp-caption-text gallery-caption' id='gallery-1-1846'>\n\t\t\t\tPizzaofen\n\t\t\t\t<\/figcaption><\/figure><figure class='gallery-item'>\n\t\t\t<div class='gallery-icon landscape'>\n\t\t\t\t<a data-elementor-open-lightbox=\"yes\" data-elementor-lightbox-slideshow=\"219f1c3\" data-elementor-lightbox-title=\"Nudeln\" data-e-action-hash=\"#elementor-action%3Aaction%3Dlightbox%26settings%3DeyJpZCI6MTg1MCwidXJsIjoiaHR0cHM6XC9cL3d3dy50ZW5uaXNhbmxhZ2Utc3Rhcm5iZXJnLmRlXC93cC1jb250ZW50XC91cGxvYWRzXC8yMDIwXC8wNVwvTnVkZWxuLmpwZyIsInNsaWRlc2hvdyI6IjIxOWYxYzMifQ%3D%3D\" href='https:\/\/www.tennisanlage-starnberg.de\/wp-content\/uploads\/2020\/05\/Nudeln.jpg'><img loading=\"lazy\" decoding=\"async\" width=\"300\" height=\"285\" src=\"https:\/\/www.tennisanlage-starnberg.de\/wp-content\/uploads\/2020\/05\/Nudeln-300x285.jpg\" class=\"attachment-medium size-medium\" alt=\"\" aria-describedby=\"gallery-1-1850\" srcset=\"https:\/\/www.tennisanlage-starnberg.de\/wp-content\/uploads\/2020\/05\/Nudeln-300x285.jpg 300w, https:\/\/www.tennisanlage-starnberg.de\/wp-content\/uploads\/2020\/05\/Nudeln-1024x972.jpg 1024w, https:\/\/www.tennisanlage-starnberg.de\/wp-content\/uploads\/2020\/05\/Nudeln-768x729.jpg 768w, https:\/\/www.tennisanlage-starnberg.de\/wp-content\/uploads\/2020\/05\/Nudeln.jpg 1134w\" sizes=\"(max-width: 300px) 100vw, 300px\" \/><\/a>\n\t\t\t<\/div>\n\t\t\t\t<figcaption class='wp-caption-text gallery-caption' id='gallery-1-1850'>\n\t\t\t\tSpaghetti mit Gambas\n\t\t\t\t<\/figcaption><\/figure><figure class='gallery-item'>\n\t\t\t<div class='gallery-icon portrait'>\n\t\t\t\t<a data-elementor-open-lightbox=\"yes\" data-elementor-lightbox-slideshow=\"219f1c3\" data-elementor-lightbox-title=\"Terrasse\" data-e-action-hash=\"#elementor-action%3Aaction%3Dlightbox%26settings%3DeyJpZCI6MTg1MSwidXJsIjoiaHR0cHM6XC9cL3d3dy50ZW5uaXNhbmxhZ2Utc3Rhcm5iZXJnLmRlXC93cC1jb250ZW50XC91cGxvYWRzXC8yMDIwXC8wNVwvVGVycmFzc2UuanBnIiwic2xpZGVzaG93IjoiMjE5ZjFjMyJ9\" href='https:\/\/www.tennisanlage-starnberg.de\/wp-content\/uploads\/2020\/05\/Terrasse.jpg'><img loading=\"lazy\" decoding=\"async\" width=\"225\" height=\"300\" src=\"https:\/\/www.tennisanlage-starnberg.de\/wp-content\/uploads\/2020\/05\/Terrasse-225x300.jpg\" class=\"attachment-medium size-medium\" alt=\"\" aria-describedby=\"gallery-1-1851\" srcset=\"https:\/\/www.tennisanlage-starnberg.de\/wp-content\/uploads\/2020\/05\/Terrasse-225x300.jpg 225w, https:\/\/www.tennisanlage-starnberg.de\/wp-content\/uploads\/2020\/05\/Terrasse-768x1025.jpg 768w, https:\/\/www.tennisanlage-starnberg.de\/wp-content\/uploads\/2020\/05\/Terrasse.jpg 850w\" sizes=\"(max-width: 225px) 100vw, 225px\" \/><\/a>\n\t\t\t<\/div>\n\t\t\t\t<figcaption class='wp-caption-text gallery-caption' id='gallery-1-1851'>\n\t\t\t\tGenuss auf der Terrasse\n\t\t\t\t<\/figcaption><\/figure><figure class='gallery-item'>\n\t\t\t<div class='gallery-icon portrait'>\n\t\t\t\t<a data-elementor-open-lightbox=\"yes\" data-elementor-lightbox-slideshow=\"219f1c3\" data-elementor-lightbox-title=\"Innenbereich\" data-e-action-hash=\"#elementor-action%3Aaction%3Dlightbox%26settings%3DeyJpZCI6MTg0NywidXJsIjoiaHR0cHM6XC9cL3d3dy50ZW5uaXNhbmxhZ2Utc3Rhcm5iZXJnLmRlXC93cC1jb250ZW50XC91cGxvYWRzXC8yMDIwXC8wNVwvSW5uZW5iZXJlaWNoLmpwZyIsInNsaWRlc2hvdyI6IjIxOWYxYzMifQ%3D%3D\" href='https:\/\/www.tennisanlage-starnberg.de\/wp-content\/uploads\/2020\/05\/Innenbereich.jpg'><img loading=\"lazy\" decoding=\"async\" width=\"225\" height=\"300\" src=\"https:\/\/www.tennisanlage-starnberg.de\/wp-content\/uploads\/2020\/05\/Innenbereich-225x300.jpg\" class=\"attachment-medium size-medium\" alt=\"\" aria-describedby=\"gallery-1-1847\" srcset=\"https:\/\/www.tennisanlage-starnberg.de\/wp-content\/uploads\/2020\/05\/Innenbereich-225x300.jpg 225w, https:\/\/www.tennisanlage-starnberg.de\/wp-content\/uploads\/2020\/05\/Innenbereich-768x1025.jpg 768w, https:\/\/www.tennisanlage-starnberg.de\/wp-content\/uploads\/2020\/05\/Innenbereich.jpg 850w\" sizes=\"(max-width: 225px) 100vw, 225px\" \/><\/a>\n\t\t\t<\/div>\n\t\t\t\t<figcaption class='wp-caption-text gallery-caption' id='gallery-1-1847'>\n\t\t\t\tGenuss im Innenbereich\n\t\t\t\t<\/figcaption><\/figure><figure class='gallery-item'>\n\t\t\t<div class='gallery-icon landscape'>\n\t\t\t\t<a data-elementor-open-lightbox=\"yes\" data-elementor-lightbox-slideshow=\"219f1c3\" data-elementor-lightbox-title=\"Kindergeburtstag\" data-e-action-hash=\"#elementor-action%3Aaction%3Dlightbox%26settings%3DeyJpZCI6Mzk5NywidXJsIjoiaHR0cHM6XC9cL3d3dy50ZW5uaXNhbmxhZ2Utc3Rhcm5iZXJnLmRlXC93cC1jb250ZW50XC91cGxvYWRzXC8yMDI0XC8wM1wvS2luZGVyZ2VidXJ0c3RhZy5qcGciLCJzbGlkZXNob3ciOiIyMTlmMWMzIn0%3D\" href='https:\/\/www.tennisanlage-starnberg.de\/wp-content\/uploads\/2024\/03\/Kindergeburtstag.jpg'><img loading=\"lazy\" decoding=\"async\" width=\"300\" height=\"180\" src=\"https:\/\/www.tennisanlage-starnberg.de\/wp-content\/uploads\/2024\/03\/Kindergeburtstag-300x180.jpg\" class=\"attachment-medium size-medium\" alt=\"\" aria-describedby=\"gallery-1-3997\" srcset=\"https:\/\/www.tennisanlage-starnberg.de\/wp-content\/uploads\/2024\/03\/Kindergeburtstag-300x180.jpg 300w, https:\/\/www.tennisanlage-starnberg.de\/wp-content\/uploads\/2024\/03\/Kindergeburtstag-1024x614.jpg 1024w, https:\/\/www.tennisanlage-starnberg.de\/wp-content\/uploads\/2024\/03\/Kindergeburtstag-768x461.jpg 768w, https:\/\/www.tennisanlage-starnberg.de\/wp-content\/uploads\/2024\/03\/Kindergeburtstag-1536x922.jpg 1536w, https:\/\/www.tennisanlage-starnberg.de\/wp-content\/uploads\/2024\/03\/Kindergeburtstag.jpg 1760w\" sizes=\"(max-width: 300px) 100vw, 300px\" \/><\/a>\n\t\t\t<\/div>\n\t\t\t\t<figcaption class='wp-caption-text gallery-caption' id='gallery-1-3997'>\n\t\t\t\tKindergeburtstag\n\t\t\t\t<\/figcaption><\/figure>\n\t\t<\/div>\n\t\t<\/div>\n\t\t\t\t\t\t<\/div>\n\t\t\t\t<\/div>\n\t\t\t\t\t<\/div>\n\t\t<\/div>\n\t\t\t\t\t<\/div>\n\t\t<\/section>\n\t\t\t\t<\/div>\n\t\t","protected":false},"excerpt":{"rendered":"<p>Edward Gomes ist neuer Wirt im \u201eLa Sportiva\u201c! Der 1962 in Bangladesch geborene Koch ist bengalisch-portugiesischer Abstammung und hat bereits in zahlreichen internationalen K\u00fcchen gearbeitet. Er war in Bombay und &#8230;<\/p>\n","protected":false},"author":1,"featured_media":0,"parent":0,"menu_order":0,"comment_status":"closed","ping_status":"closed","template":"","meta":{"cybocfi_hide_featured_image":"","footnotes":""},"class_list":["post-1359","page","type-page","status-publish","hentry"],"_links":{"self":[{"href":"https:\/\/www.tennisanlage-starnberg.de\/index.php?rest_route=\/wp\/v2\/pages\/1359","targetHints":{"allow":["GET"]}}],"collection":[{"href":"https:\/\/www.tennisanlage-starnberg.de\/index.php?rest_route=\/wp\/v2\/pages"}],"about":[{"href":"https:\/\/www.tennisanlage-starnberg.de\/index.php?rest_route=\/wp\/v2\/types\/page"}],"author":[{"embeddable":true,"href":"https:\/\/www.tennisanlage-starnberg.de\/index.php?rest_route=\/wp\/v2\/users\/1"}],"replies":[{"embeddable":true,"href":"https:\/\/www.tennisanlage-starnberg.de\/index.php?rest_route=%2Fwp%2Fv2%2Fcomments&post=1359"}],"version-history":[{"count":89,"href":"https:\/\/www.tennisanlage-starnberg.de\/index.php?rest_route=\/wp\/v2\/pages\/1359\/revisions"}],"predecessor-version":[{"id":4587,"href":"https:\/\/www.tennisanlage-starnberg.de\/index.php?rest_route=\/wp\/v2\/pages\/1359\/revisions\/4587"}],"wp:attachment":[{"href":"https:\/\/www.tennisanlage-starnberg.de\/index.php?rest_route=%2Fwp%2Fv2%2Fmedia&parent=1359"}],"curies":[{"name":"wp","href":"https:\/\/api.w.org\/{rel}","templated":true}]}}