{"id":1360,"date":"2018-09-02T07:17:58","date_gmt":"2018-09-02T05:17:58","guid":{"rendered":"https:\/\/www.tennisanlage-starnberg.de\/?page_id=1360"},"modified":"2026-04-08T14:56:47","modified_gmt":"2026-04-08T12:56:47","slug":"sponsor","status":"publish","type":"page","link":"https:\/\/www.tennisanlage-starnberg.de\/?page_id=1360","title":{"rendered":"Sponsoren"},"content":{"rendered":"\t\t<div data-elementor-type=\"wp-post\" data-elementor-id=\"1360\" class=\"elementor elementor-1360\">\n\t\t\t\t\t\t<section class=\"elementor-section elementor-top-section elementor-element elementor-element-32f5790 elementor-section-boxed elementor-section-height-default elementor-section-height-default\" data-id=\"32f5790\" data-element_type=\"section\" data-e-type=\"section\">\n\t\t\t\t\t\t<div class=\"elementor-container elementor-column-gap-default\">\n\t\t\t\t\t<div class=\"elementor-column elementor-col-100 elementor-top-column elementor-element elementor-element-b219dab\" data-id=\"b219dab\" data-element_type=\"column\" data-e-type=\"column\">\n\t\t\t<div class=\"elementor-widget-wrap elementor-element-populated\">\n\t\t\t\t\t\t<section class=\"elementor-section elementor-inner-section elementor-element elementor-element-a8752f5 elementor-section-boxed elementor-section-height-default elementor-section-height-default\" data-id=\"a8752f5\" data-element_type=\"section\" data-e-type=\"section\">\n\t\t\t\t\t\t<div class=\"elementor-container elementor-column-gap-default\">\n\t\t\t\t\t<div class=\"elementor-column elementor-col-33 elementor-inner-column elementor-element elementor-element-7a2da6a\" data-id=\"7a2da6a\" data-element_type=\"column\" data-e-type=\"column\">\n\t\t\t<div class=\"elementor-widget-wrap elementor-element-populated\">\n\t\t\t\t\t\t<div class=\"elementor-element elementor-element-20133be elementor-widget elementor-widget-image\" data-id=\"20133be\" data-element_type=\"widget\" data-e-type=\"widget\" data-widget_type=\"image.default\">\n\t\t\t\t<div class=\"elementor-widget-container\">\n\t\t\t\t\t\t\t\t\t\t\t\t\t\t\t\t<a href=\"https:\/\/www.bmw-schmidt.com\/\" target=\"_blank\">\n\t\t\t\t\t\t\t<img fetchpriority=\"high\" decoding=\"async\" width=\"800\" height=\"254\" src=\"https:\/\/www.tennisanlage-starnberg.de\/wp-content\/uploads\/2026\/04\/AHMS_logo_BMW_2020_95prozent_021-1024x325.png\" class=\"attachment-large size-large wp-image-4601\" alt=\"\" srcset=\"https:\/\/www.tennisanlage-starnberg.de\/wp-content\/uploads\/2026\/04\/AHMS_logo_BMW_2020_95prozent_021-1024x325.png 1024w, https:\/\/www.tennisanlage-starnberg.de\/wp-content\/uploads\/2026\/04\/AHMS_logo_BMW_2020_95prozent_021-300x95.png 300w, https:\/\/www.tennisanlage-starnberg.de\/wp-content\/uploads\/2026\/04\/AHMS_logo_BMW_2020_95prozent_021-768x244.png 768w, https:\/\/www.tennisanlage-starnberg.de\/wp-content\/uploads\/2026\/04\/AHMS_logo_BMW_2020_95prozent_021-1536x487.png 1536w, https:\/\/www.tennisanlage-starnberg.de\/wp-content\/uploads\/2026\/04\/AHMS_logo_BMW_2020_95prozent_021-2048x650.png 2048w\" sizes=\"(max-width: 800px) 100vw, 800px\" \/>\t\t\t\t\t\t\t\t<\/a>\n\t\t\t\t\t\t\t\t\t\t\t\t\t\t\t<\/div>\n\t\t\t\t<\/div>\n\t\t\t\t\t<\/div>\n\t\t<\/div>\n\t\t\t\t<div class=\"elementor-column elementor-col-66 elementor-inner-column elementor-element elementor-element-4f06462\" data-id=\"4f06462\" data-element_type=\"column\" data-e-type=\"column\">\n\t\t\t<div class=\"elementor-widget-wrap elementor-element-populated\">\n\t\t\t\t\t\t<div class=\"elementor-element elementor-element-78ff7a2 elementor-widget elementor-widget-text-editor\" data-id=\"78ff7a2\" data-element_type=\"widget\" data-e-type=\"widget\" data-widget_type=\"text-editor.default\">\n\t\t\t\t<div class=\"elementor-widget-container\">\n\t\t\t\t\t\t\t\t\t<h3>Exklusivpartner Mobilit\u00e4t: MINI<\/h3>\t\t\t\t\t\t\t\t<\/div>\n\t\t\t\t<\/div>\n\t\t\t\t\t<\/div>\n\t\t<\/div>\n\t\t\t\t\t<\/div>\n\t\t<\/section>\n\t\t\t\t<section class=\"elementor-section elementor-inner-section elementor-element elementor-element-ce16b8a elementor-section-boxed elementor-section-height-default elementor-section-height-default\" data-id=\"ce16b8a\" data-element_type=\"section\" data-e-type=\"section\">\n\t\t\t\t\t\t<div class=\"elementor-container elementor-column-gap-default\">\n\t\t\t\t\t<div class=\"elementor-column elementor-col-33 elementor-inner-column elementor-element elementor-element-91a6849\" data-id=\"91a6849\" data-element_type=\"column\" data-e-type=\"column\">\n\t\t\t<div class=\"elementor-widget-wrap elementor-element-populated\">\n\t\t\t\t\t\t<div class=\"elementor-element elementor-element-ab86d22 elementor-widget elementor-widget-image\" data-id=\"ab86d22\" data-element_type=\"widget\" data-e-type=\"widget\" data-widget_type=\"image.default\">\n\t\t\t\t<div class=\"elementor-widget-container\">\n\t\t\t\t\t\t\t\t\t\t\t\t\t\t\t\t<a href=\"https:\/\/www.eurobuch.com\" target=\"_blank\">\n\t\t\t\t\t\t\t<img decoding=\"async\" width=\"505\" height=\"213\" src=\"https:\/\/www.tennisanlage-starnberg.de\/wp-content\/uploads\/2018\/09\/Logo-eurobuch.jpg\" class=\"attachment-large size-large wp-image-1595\" alt=\"\" srcset=\"https:\/\/www.tennisanlage-starnberg.de\/wp-content\/uploads\/2018\/09\/Logo-eurobuch.jpg 505w, https:\/\/www.tennisanlage-starnberg.de\/wp-content\/uploads\/2018\/09\/Logo-eurobuch-300x127.jpg 300w\" sizes=\"(max-width: 505px) 100vw, 505px\" \/>\t\t\t\t\t\t\t\t<\/a>\n\t\t\t\t\t\t\t\t\t\t\t\t\t\t\t<\/div>\n\t\t\t\t<\/div>\n\t\t\t\t\t<\/div>\n\t\t<\/div>\n\t\t\t\t<div class=\"elementor-column elementor-col-66 elementor-inner-column elementor-element elementor-element-655dcf3\" data-id=\"655dcf3\" data-element_type=\"column\" data-e-type=\"column\">\n\t\t\t<div class=\"elementor-widget-wrap elementor-element-populated\">\n\t\t\t\t\t\t<div class=\"elementor-element elementor-element-7a7346c elementor-widget elementor-widget-text-editor\" data-id=\"7a7346c\" data-element_type=\"widget\" data-e-type=\"widget\" data-widget_type=\"text-editor.default\">\n\t\t\t\t<div class=\"elementor-widget-container\">\n\t\t\t\t\t\t\t\t\t<h3><a href=\"https:\/\/www.eurobuch.com\">eurobuch.com<\/a> ist die Buch-Such-Maschine f\u00fcr absolut jedes Buch.<\/h3><ul><li>Blitzschnelle Suche in \u00fcber <strong>250 Millionen Titeln<\/strong><\/li><li>Neue, gebrauchte, antiquarische, vergriffene B\u00fccher<\/li><li>E-Books, H\u00f6rb\u00fccher, Musik, Schulb\u00fccher (neu und gebraucht)<\/li><li>ISBN-Suche und Autor\/Titel-Suche<\/li><li>Preissuchmaschine zum Preisvergleich <strong>aller Anbieter<\/strong><\/li><li><a href=\"https:\/\/www.eurobuch.com\" target=\"_blank\" rel=\"noopener\">eurobuch.com<\/a> erfasst weltweit alle wichtigen Online-Anbieter!<\/li><\/ul>\t\t\t\t\t\t\t\t<\/div>\n\t\t\t\t<\/div>\n\t\t\t\t\t<\/div>\n\t\t<\/div>\n\t\t\t\t\t<\/div>\n\t\t<\/section>\n\t\t\t\t<section class=\"elementor-section elementor-inner-section elementor-element elementor-element-c616e78 elementor-reverse-mobile elementor-section-boxed elementor-section-height-default elementor-section-height-default\" data-id=\"c616e78\" data-element_type=\"section\" data-e-type=\"section\">\n\t\t\t\t\t\t<div class=\"elementor-container elementor-column-gap-default\">\n\t\t\t\t\t<div class=\"elementor-column elementor-col-33 elementor-inner-column elementor-element elementor-element-e42f76a\" data-id=\"e42f76a\" data-element_type=\"column\" data-e-type=\"column\">\n\t\t\t<div class=\"elementor-widget-wrap elementor-element-populated\">\n\t\t\t\t\t\t<div class=\"elementor-element elementor-element-f2e45da elementor-widget elementor-widget-image\" data-id=\"f2e45da\" data-element_type=\"widget\" data-e-type=\"widget\" data-widget_type=\"image.default\">\n\t\t\t\t<div class=\"elementor-widget-container\">\n\t\t\t\t\t\t\t\t\t\t\t\t\t\t\t\t<a href=\"https:\/\/www.padel4u.de\/\" target=\"_blank\">\n\t\t\t\t\t\t\t<img decoding=\"async\" width=\"800\" height=\"305\" src=\"https:\/\/www.tennisanlage-starnberg.de\/wp-content\/uploads\/2026\/04\/Bullpadel-1024x390.jpeg\" class=\"attachment-large size-large wp-image-4600\" alt=\"\" srcset=\"https:\/\/www.tennisanlage-starnberg.de\/wp-content\/uploads\/2026\/04\/Bullpadel-1024x390.jpeg 1024w, https:\/\/www.tennisanlage-starnberg.de\/wp-content\/uploads\/2026\/04\/Bullpadel-300x114.jpeg 300w, https:\/\/www.tennisanlage-starnberg.de\/wp-content\/uploads\/2026\/04\/Bullpadel-768x292.jpeg 768w, https:\/\/www.tennisanlage-starnberg.de\/wp-content\/uploads\/2026\/04\/Bullpadel.jpeg 1198w\" sizes=\"(max-width: 800px) 100vw, 800px\" \/>\t\t\t\t\t\t\t\t<\/a>\n\t\t\t\t\t\t\t\t\t\t\t\t\t\t\t<\/div>\n\t\t\t\t<\/div>\n\t\t\t\t\t<\/div>\n\t\t<\/div>\n\t\t\t\t<div class=\"elementor-column elementor-col-66 elementor-inner-column elementor-element elementor-element-7729b0c\" data-id=\"7729b0c\" data-element_type=\"column\" data-e-type=\"column\">\n\t\t\t<div class=\"elementor-widget-wrap elementor-element-populated\">\n\t\t\t\t\t\t<div class=\"elementor-element elementor-element-f67f32e elementor-widget elementor-widget-text-editor\" data-id=\"f67f32e\" data-element_type=\"widget\" data-e-type=\"widget\" data-widget_type=\"text-editor.default\">\n\t\t\t\t<div class=\"elementor-widget-container\">\n\t\t\t\t\t\t\t\t\t<h3 style=\"text-align: left;\">Partner Sport: Bullpadel, Dunlop, Head, Wilson<\/h3>\t\t\t\t\t\t\t\t<\/div>\n\t\t\t\t<\/div>\n\t\t\t\t\t<\/div>\n\t\t<\/div>\n\t\t\t\t\t<\/div>\n\t\t<\/section>\n\t\t\t\t<section class=\"elementor-section elementor-inner-section elementor-element elementor-element-d8b62cb elementor-section-boxed elementor-section-height-default elementor-section-height-default\" data-id=\"d8b62cb\" data-element_type=\"section\" data-e-type=\"section\">\n\t\t\t\t\t\t<div class=\"elementor-container elementor-column-gap-default\">\n\t\t\t\t\t<div class=\"elementor-column elementor-col-33 elementor-inner-column elementor-element elementor-element-d157d18\" data-id=\"d157d18\" data-element_type=\"column\" data-e-type=\"column\">\n\t\t\t<div class=\"elementor-widget-wrap elementor-element-populated\">\n\t\t\t\t\t\t<div class=\"elementor-element elementor-element-2e9b744 elementor-widget elementor-widget-image\" data-id=\"2e9b744\" data-element_type=\"widget\" data-e-type=\"widget\" data-widget_type=\"image.default\">\n\t\t\t\t<div class=\"elementor-widget-container\">\n\t\t\t\t\t\t\t\t\t\t\t\t\t\t\t\t<a href=\"https:\/\/dunlopsports.com\/de\/\" target=\"_blank\">\n\t\t\t\t\t\t\t<img loading=\"lazy\" decoding=\"async\" width=\"505\" height=\"220\" src=\"https:\/\/www.tennisanlage-starnberg.de\/wp-content\/uploads\/2024\/02\/Dunlop.jpg\" class=\"attachment-large size-large wp-image-3979\" alt=\"\" srcset=\"https:\/\/www.tennisanlage-starnberg.de\/wp-content\/uploads\/2024\/02\/Dunlop.jpg 505w, https:\/\/www.tennisanlage-starnberg.de\/wp-content\/uploads\/2024\/02\/Dunlop-300x131.jpg 300w\" sizes=\"(max-width: 505px) 100vw, 505px\" \/>\t\t\t\t\t\t\t\t<\/a>\n\t\t\t\t\t\t\t\t\t\t\t\t\t\t\t<\/div>\n\t\t\t\t<\/div>\n\t\t\t\t\t<\/div>\n\t\t<\/div>\n\t\t\t\t<div class=\"elementor-column elementor-col-66 elementor-inner-column elementor-element elementor-element-bd6d248\" data-id=\"bd6d248\" data-element_type=\"column\" data-e-type=\"column\">\n\t\t\t<div class=\"elementor-widget-wrap\">\n\t\t\t\t\t\t\t<\/div>\n\t\t<\/div>\n\t\t\t\t\t<\/div>\n\t\t<\/section>\n\t\t\t\t<section class=\"elementor-section elementor-inner-section elementor-element elementor-element-750f1b9 elementor-section-boxed elementor-section-height-default elementor-section-height-default\" data-id=\"750f1b9\" data-element_type=\"section\" data-e-type=\"section\">\n\t\t\t\t\t\t<div class=\"elementor-container elementor-column-gap-default\">\n\t\t\t\t\t<div class=\"elementor-column elementor-col-33 elementor-inner-column elementor-element elementor-element-5852ab6\" data-id=\"5852ab6\" data-element_type=\"column\" data-e-type=\"column\">\n\t\t\t<div class=\"elementor-widget-wrap elementor-element-populated\">\n\t\t\t\t\t\t<div class=\"elementor-element elementor-element-0518805 elementor-widget elementor-widget-image\" data-id=\"0518805\" data-element_type=\"widget\" data-e-type=\"widget\" data-widget_type=\"image.default\">\n\t\t\t\t<div class=\"elementor-widget-container\">\n\t\t\t\t\t\t\t\t\t\t\t\t\t\t\t\t<a href=\"https:\/\/www.head.com\/de_DE\/\" target=\"_blank\">\n\t\t\t\t\t\t\t<img loading=\"lazy\" decoding=\"async\" width=\"425\" height=\"201\" src=\"https:\/\/www.tennisanlage-starnberg.de\/wp-content\/uploads\/2023\/06\/Head.jpg\" class=\"attachment-large size-large wp-image-3771\" alt=\"\" srcset=\"https:\/\/www.tennisanlage-starnberg.de\/wp-content\/uploads\/2023\/06\/Head.jpg 425w, https:\/\/www.tennisanlage-starnberg.de\/wp-content\/uploads\/2023\/06\/Head-300x142.jpg 300w\" sizes=\"(max-width: 425px) 100vw, 425px\" \/>\t\t\t\t\t\t\t\t<\/a>\n\t\t\t\t\t\t\t\t\t\t\t\t\t\t\t<\/div>\n\t\t\t\t<\/div>\n\t\t\t\t\t<\/div>\n\t\t<\/div>\n\t\t\t\t<div class=\"elementor-column elementor-col-66 elementor-inner-column elementor-element elementor-element-2c199ae\" data-id=\"2c199ae\" data-element_type=\"column\" data-e-type=\"column\">\n\t\t\t<div class=\"elementor-widget-wrap\">\n\t\t\t\t\t\t\t<\/div>\n\t\t<\/div>\n\t\t\t\t\t<\/div>\n\t\t<\/section>\n\t\t\t\t<section class=\"elementor-section elementor-inner-section elementor-element elementor-element-63c7726 elementor-section-boxed elementor-section-height-default elementor-section-height-default\" data-id=\"63c7726\" data-element_type=\"section\" data-e-type=\"section\">\n\t\t\t\t\t\t<div class=\"elementor-container elementor-column-gap-default\">\n\t\t\t\t\t<div class=\"elementor-column elementor-col-33 elementor-inner-column elementor-element elementor-element-880034f\" data-id=\"880034f\" data-element_type=\"column\" data-e-type=\"column\">\n\t\t\t<div class=\"elementor-widget-wrap elementor-element-populated\">\n\t\t\t\t\t\t<div class=\"elementor-element elementor-element-65cc4f1 elementor-widget elementor-widget-image\" data-id=\"65cc4f1\" data-element_type=\"widget\" data-e-type=\"widget\" data-widget_type=\"image.default\">\n\t\t\t\t<div class=\"elementor-widget-container\">\n\t\t\t\t\t\t\t\t\t\t\t\t\t\t\t\t<a href=\"https:\/\/www.wilson.com\/de-de\" target=\"_blank\">\n\t\t\t\t\t\t\t<img loading=\"lazy\" decoding=\"async\" width=\"425\" height=\"103\" src=\"https:\/\/www.tennisanlage-starnberg.de\/wp-content\/uploads\/2023\/06\/Wilson.jpg\" class=\"attachment-large size-large wp-image-3772\" alt=\"\" srcset=\"https:\/\/www.tennisanlage-starnberg.de\/wp-content\/uploads\/2023\/06\/Wilson.jpg 425w, https:\/\/www.tennisanlage-starnberg.de\/wp-content\/uploads\/2023\/06\/Wilson-300x73.jpg 300w\" sizes=\"(max-width: 425px) 100vw, 425px\" \/>\t\t\t\t\t\t\t\t<\/a>\n\t\t\t\t\t\t\t\t\t\t\t\t\t\t\t<\/div>\n\t\t\t\t<\/div>\n\t\t\t\t\t<\/div>\n\t\t<\/div>\n\t\t\t\t<div class=\"elementor-column elementor-col-66 elementor-inner-column elementor-element elementor-element-17afe9f\" data-id=\"17afe9f\" data-element_type=\"column\" data-e-type=\"column\">\n\t\t\t<div class=\"elementor-widget-wrap\">\n\t\t\t\t\t\t\t<\/div>\n\t\t<\/div>\n\t\t\t\t\t<\/div>\n\t\t<\/section>\n\t\t\t\t\t<\/div>\n\t\t<\/div>\n\t\t\t\t\t<\/div>\n\t\t<\/section>\n\t\t\t\t<\/div>\n\t\t","protected":false},"excerpt":{"rendered":"<p>Exklusivpartner Mobilit\u00e4t: MINI eurobuch.com ist die Buch-Such-Maschine f\u00fcr absolut jedes Buch. Blitzschnelle Suche in \u00fcber 250 Millionen Titeln Neue, gebrauchte, antiquarische, vergriffene B\u00fccher E-Books, H\u00f6rb\u00fccher, Musik, Schulb\u00fccher (neu und gebraucht) &#8230;<\/p>\n","protected":false},"author":1,"featured_media":0,"parent":0,"menu_order":0,"comment_status":"closed","ping_status":"closed","template":"","meta":{"cybocfi_hide_featured_image":"","footnotes":""},"class_list":["post-1360","page","type-page","status-publish","hentry"],"_links":{"self":[{"href":"https:\/\/www.tennisanlage-starnberg.de\/index.php?rest_route=\/wp\/v2\/pages\/1360","targetHints":{"allow":["GET"]}}],"collection":[{"href":"https:\/\/www.tennisanlage-starnberg.de\/index.php?rest_route=\/wp\/v2\/pages"}],"about":[{"href":"https:\/\/www.tennisanlage-starnberg.de\/index.php?rest_route=\/wp\/v2\/types\/page"}],"author":[{"embeddable":true,"href":"https:\/\/www.tennisanlage-starnberg.de\/index.php?rest_route=\/wp\/v2\/users\/1"}],"replies":[{"embeddable":true,"href":"https:\/\/www.tennisanlage-starnberg.de\/index.php?rest_route=%2Fwp%2Fv2%2Fcomments&post=1360"}],"version-history":[{"count":61,"href":"https:\/\/www.tennisanlage-starnberg.de\/index.php?rest_route=\/wp\/v2\/pages\/1360\/revisions"}],"predecessor-version":[{"id":4608,"href":"https:\/\/www.tennisanlage-starnberg.de\/index.php?rest_route=\/wp\/v2\/pages\/1360\/revisions\/4608"}],"wp:attachment":[{"href":"https:\/\/www.tennisanlage-starnberg.de\/index.php?rest_route=%2Fwp%2Fv2%2Fmedia&parent=1360"}],"curies":[{"name":"wp","href":"https:\/\/api.w.org\/{rel}","templated":true}]}}