{"id":2203,"date":"2020-11-10T15:37:13","date_gmt":"2020-11-10T14:37:13","guid":{"rendered":"https:\/\/www.tennisanlage-starnberg.de\/?page_id=2203"},"modified":"2025-11-17T18:43:10","modified_gmt":"2025-11-17T17:43:10","slug":"padel-tennis-2","status":"publish","type":"page","link":"https:\/\/www.tennisanlage-starnberg.de\/?page_id=2203","title":{"rendered":"Padel"},"content":{"rendered":"\t\t<div data-elementor-type=\"wp-post\" data-elementor-id=\"2203\" class=\"elementor elementor-2203\">\n\t\t\t\t\t\t<section class=\"elementor-section elementor-top-section elementor-element elementor-element-5d87127 elementor-section-boxed elementor-section-height-default elementor-section-height-default\" data-id=\"5d87127\" data-element_type=\"section\" data-e-type=\"section\">\n\t\t\t\t\t\t<div class=\"elementor-container elementor-column-gap-default\">\n\t\t\t\t\t<div class=\"elementor-column elementor-col-100 elementor-top-column elementor-element elementor-element-350364b\" data-id=\"350364b\" data-element_type=\"column\" data-e-type=\"column\">\n\t\t\t<div class=\"elementor-widget-wrap elementor-element-populated\">\n\t\t\t\t\t\t<section class=\"elementor-section elementor-inner-section elementor-element elementor-element-a0072ed elementor-section-boxed elementor-section-height-default elementor-section-height-default\" data-id=\"a0072ed\" data-element_type=\"section\" data-e-type=\"section\">\n\t\t\t\t\t\t<div class=\"elementor-container elementor-column-gap-default\">\n\t\t\t\t\t<div class=\"elementor-column elementor-col-100 elementor-inner-column elementor-element elementor-element-2288039\" data-id=\"2288039\" data-element_type=\"column\" data-e-type=\"column\">\n\t\t\t<div class=\"elementor-widget-wrap elementor-element-populated\">\n\t\t\t\t\t\t<div class=\"elementor-element elementor-element-3fd89f6 elementor-widget elementor-widget-text-editor\" data-id=\"3fd89f6\" data-element_type=\"widget\" data-e-type=\"widget\" data-widget_type=\"text-editor.default\">\n\t\t\t\t<div class=\"elementor-widget-container\">\n\t\t\t\t\t\t\t\t\t<h3 style=\"color: #99cc00;\">6 Padelpl\u00e4tze im Freien<\/h3><p><b>Padel ist die weltweit am schnellsten wachsende Sportart.<\/b> Kein Wunder, denn Padel ist leicht zu lernen und macht richtig viel Spa\u00df!<br \/>Auf unserer Au\u00dfenanlage haben wir <strong>sechs<\/strong><b>\u00a0hochmoderne Padelpl\u00e4tze <\/b>aufgebaut.<\/p><p>Padel ist dem Tennis \u00e4hnlich, wird aber auf einem kleineren Feld (10x20m) und mit kurzen Schl\u00e4gern ohne Bespannung gespielt. Wie im Squash werden die W\u00e4nde der Spielfeldumrandung miteinbezogen.<\/p><p><b>Da unsere Hallen- und Padelpl\u00e4tze mit professioneller LED-Beleuchtung ausgestattet sind, k\u00f6nnen Sie nicht nur Tennis, sondern auch Padel das ganze Jahr \u00fcber spielen.<\/b><\/p><p>Das Licht und die Nutzung unserer neuen Sanit\u00e4ranlagen sind im Mietpreis inkludiert.<\/p><p><b>Hier k\u00f6nnen Sie Ihren Platz buchen: <a href=\"https:\/\/www.tennisanlage-starnberg.de\/?page_id=1476\" target=\"_blank\" rel=\"noopener\">Online-Buchungssystem<\/a><\/b><\/p><p><a href=\"https:\/\/www.tennisanlage-starnberg.de\/?page_id=3313\" target=\"_blank\" rel=\"noopener\">Hier k\u00f6nnen Sie unsere Anlage virtuell besichtigen.<\/a><\/p><p><b>Wenn Sie ein Abonnement abschlie\u00dfen, eine 10er Karte kaufen oder Schl\u00e4ger und B\u00e4lle ausleihen m\u00f6chten,\u00a0<a href=\"https:\/\/www.tennisanlage-starnberg.de\/?page_id=2336\" target=\"_blank\" rel=\"noopener\">schreiben Sie uns<\/a>!<\/b><\/p>\t\t\t\t\t\t\t\t<\/div>\n\t\t\t\t<\/div>\n\t\t\t\t\t<\/div>\n\t\t<\/div>\n\t\t\t\t\t<\/div>\n\t\t<\/section>\n\t\t\t\t\t<\/div>\n\t\t<\/div>\n\t\t\t\t\t<\/div>\n\t\t<\/section>\n\t\t\t\t<section class=\"elementor-section elementor-top-section elementor-element elementor-element-128fe64 elementor-section-boxed elementor-section-height-default elementor-section-height-default\" data-id=\"128fe64\" data-element_type=\"section\" data-e-type=\"section\">\n\t\t\t\t\t\t<div class=\"elementor-container elementor-column-gap-default\">\n\t\t\t\t\t<div class=\"elementor-column elementor-col-100 elementor-top-column elementor-element elementor-element-c618376\" data-id=\"c618376\" data-element_type=\"column\" data-e-type=\"column\">\n\t\t\t<div class=\"elementor-widget-wrap elementor-element-populated\">\n\t\t\t\t\t\t<div class=\"elementor-element elementor-element-caf5783 gallery-spacing-custom elementor-widget elementor-widget-image-gallery\" data-id=\"caf5783\" data-element_type=\"widget\" data-e-type=\"widget\" data-widget_type=\"image-gallery.default\">\n\t\t\t\t<div class=\"elementor-widget-container\">\n\t\t\t\t\t\t\t<div class=\"elementor-image-gallery\">\n\t\t\t<div id='gallery-1' class='gallery galleryid-2203 gallery-columns-4 gallery-size-onepress-medium'><figure class='gallery-item'>\n\t\t\t<div class='gallery-icon landscape'>\n\t\t\t\t<a data-elementor-open-lightbox=\"yes\" data-elementor-lightbox-slideshow=\"caf5783\" data-elementor-lightbox-title=\"Padelplaetze1\" data-e-action-hash=\"#elementor-action%3Aaction%3Dlightbox%26settings%3DeyJpZCI6MjE4OCwidXJsIjoiaHR0cHM6XC9cL3d3dy50ZW5uaXNhbmxhZ2Utc3Rhcm5iZXJnLmRlXC93cC1jb250ZW50XC91cGxvYWRzXC8yMDIwXC8xMVwvUGFkZWxwbGFldHplMS5qcGciLCJzbGlkZXNob3ciOiJjYWY1NzgzIn0%3D\" href='https:\/\/www.tennisanlage-starnberg.de\/wp-content\/uploads\/2020\/11\/Padelplaetze1.jpg'><img fetchpriority=\"high\" decoding=\"async\" width=\"640\" height=\"400\" src=\"https:\/\/www.tennisanlage-starnberg.de\/wp-content\/uploads\/2020\/11\/Padelplaetze1-640x400.jpg\" class=\"attachment-onepress-medium size-onepress-medium\" alt=\"\" aria-describedby=\"gallery-1-2188\" srcset=\"https:\/\/www.tennisanlage-starnberg.de\/wp-content\/uploads\/2020\/11\/Padelplaetze1-640x400.jpg 640w, https:\/\/www.tennisanlage-starnberg.de\/wp-content\/uploads\/2020\/11\/Padelplaetze1-480x300.jpg 480w\" sizes=\"(max-width: 640px) 100vw, 640px\" \/><\/a>\n\t\t\t<\/div>\n\t\t\t\t<figcaption class='wp-caption-text gallery-caption' id='gallery-1-2188'>\n\t\t\t\tPadelplatz 1\n\t\t\t\t<\/figcaption><\/figure><figure class='gallery-item'>\n\t\t\t<div class='gallery-icon landscape'>\n\t\t\t\t<a data-elementor-open-lightbox=\"yes\" data-elementor-lightbox-slideshow=\"caf5783\" data-elementor-lightbox-title=\"Padelplaetze2\" data-e-action-hash=\"#elementor-action%3Aaction%3Dlightbox%26settings%3DeyJpZCI6MjE4OSwidXJsIjoiaHR0cHM6XC9cL3d3dy50ZW5uaXNhbmxhZ2Utc3Rhcm5iZXJnLmRlXC93cC1jb250ZW50XC91cGxvYWRzXC8yMDIwXC8xMVwvUGFkZWxwbGFldHplMi5qcGciLCJzbGlkZXNob3ciOiJjYWY1NzgzIn0%3D\" href='https:\/\/www.tennisanlage-starnberg.de\/wp-content\/uploads\/2020\/11\/Padelplaetze2.jpg'><img decoding=\"async\" width=\"640\" height=\"400\" src=\"https:\/\/www.tennisanlage-starnberg.de\/wp-content\/uploads\/2020\/11\/Padelplaetze2-640x400.jpg\" class=\"attachment-onepress-medium size-onepress-medium\" alt=\"\" aria-describedby=\"gallery-1-2189\" srcset=\"https:\/\/www.tennisanlage-starnberg.de\/wp-content\/uploads\/2020\/11\/Padelplaetze2-640x400.jpg 640w, https:\/\/www.tennisanlage-starnberg.de\/wp-content\/uploads\/2020\/11\/Padelplaetze2-480x300.jpg 480w\" sizes=\"(max-width: 640px) 100vw, 640px\" \/><\/a>\n\t\t\t<\/div>\n\t\t\t\t<figcaption class='wp-caption-text gallery-caption' id='gallery-1-2189'>\n\t\t\t\tPadelplatz 2\n\t\t\t\t<\/figcaption><\/figure><figure class='gallery-item'>\n\t\t\t<div class='gallery-icon portrait'>\n\t\t\t\t<a data-elementor-open-lightbox=\"yes\" data-elementor-lightbox-slideshow=\"caf5783\" data-elementor-lightbox-title=\"Padelplaetze3\" data-e-action-hash=\"#elementor-action%3Aaction%3Dlightbox%26settings%3DeyJpZCI6MjE3OSwidXJsIjoiaHR0cHM6XC9cL3d3dy50ZW5uaXNhbmxhZ2Utc3Rhcm5iZXJnLmRlXC93cC1jb250ZW50XC91cGxvYWRzXC8yMDIwXC8xMVwvUGFkZWxwbGFldHplMy5qcGciLCJzbGlkZXNob3ciOiJjYWY1NzgzIn0%3D\" href='https:\/\/www.tennisanlage-starnberg.de\/wp-content\/uploads\/2020\/11\/Padelplaetze3.jpg'><img decoding=\"async\" width=\"640\" height=\"400\" src=\"https:\/\/www.tennisanlage-starnberg.de\/wp-content\/uploads\/2020\/11\/Padelplaetze3-640x400.jpg\" class=\"attachment-onepress-medium size-onepress-medium\" alt=\"\" aria-describedby=\"gallery-1-2179\" srcset=\"https:\/\/www.tennisanlage-starnberg.de\/wp-content\/uploads\/2020\/11\/Padelplaetze3-640x400.jpg 640w, https:\/\/www.tennisanlage-starnberg.de\/wp-content\/uploads\/2020\/11\/Padelplaetze3-480x300.jpg 480w\" sizes=\"(max-width: 640px) 100vw, 640px\" \/><\/a>\n\t\t\t<\/div>\n\t\t\t\t<figcaption class='wp-caption-text gallery-caption' id='gallery-1-2179'>\n\t\t\t\tPadelplatz 3\n\t\t\t\t<\/figcaption><\/figure>\n\t\t<\/div>\n\t\t<\/div>\n\t\t\t\t\t\t<\/div>\n\t\t\t\t<\/div>\n\t\t\t\t\t<\/div>\n\t\t<\/div>\n\t\t\t\t\t<\/div>\n\t\t<\/section>\n\t\t\t\t<\/div>\n\t\t","protected":false},"excerpt":{"rendered":"<p>6 Padelpl\u00e4tze im Freien Padel ist die weltweit am schnellsten wachsende Sportart. Kein Wunder, denn Padel ist leicht zu lernen und macht richtig viel Spa\u00df!Auf unserer Au\u00dfenanlage haben wir sechs\u00a0hochmoderne &#8230;<\/p>\n","protected":false},"author":1,"featured_media":0,"parent":0,"menu_order":0,"comment_status":"closed","ping_status":"closed","template":"","meta":{"cybocfi_hide_featured_image":"","footnotes":""},"class_list":["post-2203","page","type-page","status-publish","hentry"],"_links":{"self":[{"href":"https:\/\/www.tennisanlage-starnberg.de\/index.php?rest_route=\/wp\/v2\/pages\/2203","targetHints":{"allow":["GET"]}}],"collection":[{"href":"https:\/\/www.tennisanlage-starnberg.de\/index.php?rest_route=\/wp\/v2\/pages"}],"about":[{"href":"https:\/\/www.tennisanlage-starnberg.de\/index.php?rest_route=\/wp\/v2\/types\/page"}],"author":[{"embeddable":true,"href":"https:\/\/www.tennisanlage-starnberg.de\/index.php?rest_route=\/wp\/v2\/users\/1"}],"replies":[{"embeddable":true,"href":"https:\/\/www.tennisanlage-starnberg.de\/index.php?rest_route=%2Fwp%2Fv2%2Fcomments&post=2203"}],"version-history":[{"count":67,"href":"https:\/\/www.tennisanlage-starnberg.de\/index.php?rest_route=\/wp\/v2\/pages\/2203\/revisions"}],"predecessor-version":[{"id":4467,"href":"https:\/\/www.tennisanlage-starnberg.de\/index.php?rest_route=\/wp\/v2\/pages\/2203\/revisions\/4467"}],"wp:attachment":[{"href":"https:\/\/www.tennisanlage-starnberg.de\/index.php?rest_route=%2Fwp%2Fv2%2Fmedia&parent=2203"}],"curies":[{"name":"wp","href":"https:\/\/api.w.org\/{rel}","templated":true}]}}