{"id":2224,"date":"2020-11-10T17:08:43","date_gmt":"2020-11-10T16:08:43","guid":{"rendered":"https:\/\/www.tennisanlage-starnberg.de\/?page_id=2224"},"modified":"2020-11-12T16:04:18","modified_gmt":"2020-11-12T15:04:18","slug":"hoehenlufttraining","status":"publish","type":"page","link":"https:\/\/www.tennisanlage-starnberg.de\/?page_id=2224","title":{"rendered":"H\u00f6henlufttraining"},"content":{"rendered":"\t\t<div data-elementor-type=\"wp-post\" data-elementor-id=\"2224\" class=\"elementor elementor-2224\">\n\t\t\t\t\t\t<section class=\"elementor-section elementor-top-section elementor-element elementor-element-5d87127 elementor-section-boxed elementor-section-height-default elementor-section-height-default\" data-id=\"5d87127\" data-element_type=\"section\" data-e-type=\"section\">\n\t\t\t\t\t\t<div class=\"elementor-container elementor-column-gap-default\">\n\t\t\t\t\t<div class=\"elementor-column elementor-col-100 elementor-top-column elementor-element elementor-element-350364b\" data-id=\"350364b\" data-element_type=\"column\" data-e-type=\"column\">\n\t\t\t<div class=\"elementor-widget-wrap elementor-element-populated\">\n\t\t\t\t\t\t<section class=\"elementor-section elementor-inner-section elementor-element elementor-element-a0072ed elementor-section-boxed elementor-section-height-default elementor-section-height-default\" data-id=\"a0072ed\" data-element_type=\"section\" data-e-type=\"section\">\n\t\t\t\t\t\t<div class=\"elementor-container elementor-column-gap-default\">\n\t\t\t\t\t<div class=\"elementor-column elementor-col-100 elementor-inner-column elementor-element elementor-element-2288039\" data-id=\"2288039\" data-element_type=\"column\" data-e-type=\"column\">\n\t\t\t<div class=\"elementor-widget-wrap elementor-element-populated\">\n\t\t\t\t\t\t<div class=\"elementor-element elementor-element-3fd89f6 elementor-widget elementor-widget-text-editor\" data-id=\"3fd89f6\" data-element_type=\"widget\" data-e-type=\"widget\" data-widget_type=\"text-editor.default\">\n\t\t\t\t<div class=\"elementor-widget-container\">\n\t\t\t\t\t\t\t\t\t<h3 style=\"color: #99cc00;\">H\u00f6henlufttraining (Hypoxietraining) ist entspannte Leistungssteigerung.<\/h3><p>Durch das Einatmen von sauerstoffreduzierter Luft wird die Energieproduktion in den K\u00f6rperzellen gesteigert. Die Mitochondrien, also die Zellkraftwerke, vermehren sich, die Energieversorgung wird verbessert und der Alterungsprozess verlangsamt. Das H\u00f6henlufttraining stimuliert eine Vielzahl wichtiger K\u00f6rperfunktionen und macht Sie leistungsf\u00e4higer und vitaler!<\/p><p><strong>Steigern Sie mit unseren Ger\u00e4ten und Trainingspl\u00e4nen signifikant Ihre Zellenergie!<\/strong><\/p><p>Thomas Schlupf<\/p><p>Tel.: <a href=\"tel:+49 176 65346810\">+49 176 6534 6810<\/a><\/p><p>E-Mail: <a href=\"mailto:thomasschlupf@rocketmail.com\">thomasschlupf@rocketmail.com<\/a><\/p><p>H\u00f6henlufttraining 45-60 Minuten: \u20ac 45<\/p><p>H\u00f6henlufttraining 10er Karte: \u20ac 395<\/p>\t\t\t\t\t\t\t\t<\/div>\n\t\t\t\t<\/div>\n\t\t\t\t\t<\/div>\n\t\t<\/div>\n\t\t\t\t\t<\/div>\n\t\t<\/section>\n\t\t\t\t\t<\/div>\n\t\t<\/div>\n\t\t\t\t\t<\/div>\n\t\t<\/section>\n\t\t\t\t<section class=\"elementor-section elementor-top-section elementor-element elementor-element-e9770dd elementor-section-boxed elementor-section-height-default elementor-section-height-default\" data-id=\"e9770dd\" data-element_type=\"section\" data-e-type=\"section\">\n\t\t\t\t\t\t<div class=\"elementor-container elementor-column-gap-default\">\n\t\t\t\t\t<div class=\"elementor-column elementor-col-100 elementor-top-column elementor-element elementor-element-ab18587\" data-id=\"ab18587\" data-element_type=\"column\" data-e-type=\"column\">\n\t\t\t<div class=\"elementor-widget-wrap elementor-element-populated\">\n\t\t\t\t\t\t<div class=\"elementor-element elementor-element-76af606 elementor-widget elementor-widget-image\" data-id=\"76af606\" data-element_type=\"widget\" data-e-type=\"widget\" data-widget_type=\"image.default\">\n\t\t\t\t<div class=\"elementor-widget-container\">\n\t\t\t\t\t\t\t\t\t\t\t\t\t\t\t<img fetchpriority=\"high\" decoding=\"async\" width=\"800\" height=\"800\" src=\"https:\/\/www.tennisanlage-starnberg.de\/wp-content\/uploads\/2020\/11\/Hoehenluftraining-1024x1024.jpg\" class=\"attachment-large size-large wp-image-2243\" alt=\"\" srcset=\"https:\/\/www.tennisanlage-starnberg.de\/wp-content\/uploads\/2020\/11\/Hoehenluftraining-1024x1024.jpg 1024w, https:\/\/www.tennisanlage-starnberg.de\/wp-content\/uploads\/2020\/11\/Hoehenluftraining-300x300.jpg 300w, https:\/\/www.tennisanlage-starnberg.de\/wp-content\/uploads\/2020\/11\/Hoehenluftraining-150x150.jpg 150w, https:\/\/www.tennisanlage-starnberg.de\/wp-content\/uploads\/2020\/11\/Hoehenluftraining-768x768.jpg 768w, https:\/\/www.tennisanlage-starnberg.de\/wp-content\/uploads\/2020\/11\/Hoehenluftraining.jpg 1134w\" sizes=\"(max-width: 800px) 100vw, 800px\" \/>\t\t\t\t\t\t\t\t\t\t\t\t\t\t\t<\/div>\n\t\t\t\t<\/div>\n\t\t\t\t\t<\/div>\n\t\t<\/div>\n\t\t\t\t\t<\/div>\n\t\t<\/section>\n\t\t\t\t<\/div>\n\t\t","protected":false},"excerpt":{"rendered":"<p>H\u00f6henlufttraining (Hypoxietraining) ist entspannte Leistungssteigerung. Durch das Einatmen von sauerstoffreduzierter Luft wird die Energieproduktion in den K\u00f6rperzellen gesteigert. Die Mitochondrien, also die Zellkraftwerke, vermehren sich, die Energieversorgung wird verbessert und &#8230;<\/p>\n","protected":false},"author":1,"featured_media":0,"parent":0,"menu_order":0,"comment_status":"closed","ping_status":"closed","template":"","meta":{"cybocfi_hide_featured_image":"","footnotes":""},"class_list":["post-2224","page","type-page","status-publish","hentry"],"_links":{"self":[{"href":"https:\/\/www.tennisanlage-starnberg.de\/index.php?rest_route=\/wp\/v2\/pages\/2224","targetHints":{"allow":["GET"]}}],"collection":[{"href":"https:\/\/www.tennisanlage-starnberg.de\/index.php?rest_route=\/wp\/v2\/pages"}],"about":[{"href":"https:\/\/www.tennisanlage-starnberg.de\/index.php?rest_route=\/wp\/v2\/types\/page"}],"author":[{"embeddable":true,"href":"https:\/\/www.tennisanlage-starnberg.de\/index.php?rest_route=\/wp\/v2\/users\/1"}],"replies":[{"embeddable":true,"href":"https:\/\/www.tennisanlage-starnberg.de\/index.php?rest_route=%2Fwp%2Fv2%2Fcomments&post=2224"}],"version-history":[{"count":19,"href":"https:\/\/www.tennisanlage-starnberg.de\/index.php?rest_route=\/wp\/v2\/pages\/2224\/revisions"}],"predecessor-version":[{"id":2299,"href":"https:\/\/www.tennisanlage-starnberg.de\/index.php?rest_route=\/wp\/v2\/pages\/2224\/revisions\/2299"}],"wp:attachment":[{"href":"https:\/\/www.tennisanlage-starnberg.de\/index.php?rest_route=%2Fwp%2Fv2%2Fmedia&parent=2224"}],"curies":[{"name":"wp","href":"https:\/\/api.w.org\/{rel}","templated":true}]}}