{"id":2336,"date":"2020-11-20T10:25:13","date_gmt":"2020-11-20T09:25:13","guid":{"rendered":"https:\/\/www.tennisanlage-starnberg.de\/?page_id=2336"},"modified":"2025-11-17T18:59:35","modified_gmt":"2025-11-17T17:59:35","slug":"kontakt","status":"publish","type":"page","link":"https:\/\/www.tennisanlage-starnberg.de\/?page_id=2336","title":{"rendered":"Kontakt"},"content":{"rendered":"\t\t<div data-elementor-type=\"wp-page\" data-elementor-id=\"2336\" class=\"elementor elementor-2336\">\n\t\t\t\t\t\t<section class=\"elementor-section elementor-top-section elementor-element elementor-element-6195e8a9 elementor-section-boxed elementor-section-height-default elementor-section-height-default\" data-id=\"6195e8a9\" data-element_type=\"section\" data-e-type=\"section\">\n\t\t\t\t\t\t<div class=\"elementor-container elementor-column-gap-default\">\n\t\t\t\t\t<div class=\"elementor-column elementor-col-100 elementor-top-column elementor-element elementor-element-31990845\" data-id=\"31990845\" data-element_type=\"column\" data-e-type=\"column\">\n\t\t\t<div class=\"elementor-widget-wrap elementor-element-populated\">\n\t\t\t\t\t\t<div class=\"elementor-element elementor-element-79b80b51 elementor-widget elementor-widget-text-editor\" data-id=\"79b80b51\" data-element_type=\"widget\" data-e-type=\"widget\" data-widget_type=\"text-editor.default\">\n\t\t\t\t<div class=\"elementor-widget-container\">\n\t\t\t\t\t\t\t\t\t\n<div class=\"wp-block-columns is-layout-flex wp-container-core-columns-is-layout-9d6595d7 wp-block-columns-is-layout-flex\">\n<div class=\"wp-block-column is-layout-flow wp-block-column-is-layout-flow\" style=\"flex-basis: 50%;\">\n<div class=\"wp-block-contact-form-7-contact-form-selector\"><style>.wpcf7-form input {width: 100%;} .wpcf7-form textarea {width: 100%;}<\/style> \n<div class=\"wpcf7 no-js\" id=\"wpcf7-f1369-o1\" lang=\"en-US\" dir=\"ltr\" data-wpcf7-id=\"1369\">\n<div class=\"screen-reader-response\"><p role=\"status\" aria-live=\"polite\" aria-atomic=\"true\"><\/p> <ul><\/ul><\/div>\n<form action=\"\/index.php?rest_route=%2Fwp%2Fv2%2Fpages%2F2336#wpcf7-f1369-o1\" method=\"post\" class=\"wpcf7-form init\" aria-label=\"Contact form\" novalidate=\"novalidate\" data-status=\"init\">\n<fieldset class=\"hidden-fields-container\"><input type=\"hidden\" name=\"_wpcf7\" value=\"1369\" \/><input type=\"hidden\" name=\"_wpcf7_version\" value=\"6.1.5\" \/><input type=\"hidden\" name=\"_wpcf7_locale\" value=\"en_US\" \/><input type=\"hidden\" name=\"_wpcf7_unit_tag\" value=\"wpcf7-f1369-o1\" \/><input type=\"hidden\" name=\"_wpcf7_container_post\" value=\"0\" \/><input type=\"hidden\" name=\"_wpcf7_posted_data_hash\" value=\"\" \/>\n<\/fieldset>\n<p><label> Name<br \/>\n<span class=\"wpcf7-form-control-wrap\" data-name=\"your-name\"><input size=\"40\" maxlength=\"400\" class=\"wpcf7-form-control wpcf7-text wpcf7-validates-as-required\" aria-required=\"true\" aria-invalid=\"false\" value=\"\" type=\"text\" name=\"your-name\" \/><\/span> <\/label>\n<\/p>\n<p><span id=\"wpcf7-69ffee44e4083-wrapper\" class=\"wpcf7-form-control-wrap address-wrap\" style=\"display:none !important; visibility:hidden !important;\"><label for=\"wpcf7-69ffee44e4083-field\" class=\"hp-message\">Please leave this field empty.<\/label><input id=\"wpcf7-69ffee44e4083-field\"  class=\"wpcf7-form-control wpcf7-text\" type=\"text\" name=\"address\" value=\"\" size=\"40\" tabindex=\"-1\" autocomplete=\"new-password\" \/><\/span>\n<\/p>\n<p><label> E-Mail-Adresse<br \/>\n<span class=\"wpcf7-form-control-wrap\" data-name=\"your-email\"><input size=\"40\" maxlength=\"400\" class=\"wpcf7-form-control wpcf7-email wpcf7-validates-as-required wpcf7-text wpcf7-validates-as-email\" aria-required=\"true\" aria-invalid=\"false\" value=\"\" type=\"email\" name=\"your-email\" \/><\/span> <\/label>\n<\/p>\n<p><label> Betreff<br \/>\n<span class=\"wpcf7-form-control-wrap\" data-name=\"your-subject\"><input size=\"40\" maxlength=\"400\" class=\"wpcf7-form-control wpcf7-text\" aria-invalid=\"false\" value=\"\" type=\"text\" name=\"your-subject\" \/><\/span> <\/label>\n<\/p>\n<p><label> Nachricht<br \/>\n<span class=\"wpcf7-form-control-wrap\" data-name=\"your-message\"><textarea cols=\"40\" rows=\"10\" maxlength=\"2000\" class=\"wpcf7-form-control wpcf7-textarea\" aria-invalid=\"false\" name=\"your-message\"><\/textarea><\/span> <\/label>\n<\/p>\n<p><span class=\"wpcf7-form-control-wrap\" data-name=\"contact-quiz\"><label><span class=\"wpcf7-quiz-label\">Wie viele Finger hat ein Mensch?<\/span> <input size=\"40\" class=\"wpcf7-form-control wpcf7-quiz\" autocomplete=\"off\" aria-required=\"true\" aria-invalid=\"false\" type=\"text\" name=\"contact-quiz\" \/><\/label><input type=\"hidden\" name=\"_wpcf7_quiz_answer_contact-quiz\" value=\"280c93e427b90bba067571cefa53c0e9\" \/><\/span>\n<\/p>\n<p><input class=\"wpcf7-form-control wpcf7-submit has-spinner\" type=\"submit\" value=\"Abschicken\" \/>\n<\/p><div class=\"wpcf7-response-output\" aria-hidden=\"true\"><\/div>\n<\/form>\n<\/div>\n<\/div>\n\n<p><a href=\"https:\/\/berlinfive.com\/link\/16219258\" target=\"_blank\" rel=\"noreferrer noopener\">Klicken Sie hier um unsere Anlage virtuell zu besichtigen.<\/a><\/p>\n<\/div>\n\n<div class=\"wp-block-column is-layout-flow wp-block-column-is-layout-flow\">\n<p>\u00a0<\/p>\n\n<h4 class=\"wp-block-heading\">Das Tennis &amp; Padel Center Starnberg bietet Ihnen das ganze Jahr \u00fcber beste Tennis- und Padelpl\u00e4tze \u2013 ganz ohne Mitgliedschaft!<\/h4>\n\n<p>W\u00e4hrend der Sommermonate (Mai bis September) stehen Ihnen neben der Halle auch 4 Freiluft-Sandpl\u00e4tze sowie 6 Padelpl\u00e4tze f\u00fcr Ihr Spiel zur Verf\u00fcgung.<\/p>\n\n<p>Einzelstunden <a href=\"https:\/\/www.tennisanlage-starnberg.de\/?page_id=1476\" target=\"_blank\" rel=\"noreferrer noopener\" data-type=\"URL\" data-id=\"https:\/\/www.tennisanlage-starnberg.de\/?page_id=1476\">online buchen<\/a><\/p>\n\n<p><strong>Gastst\u00e4tte<\/strong><br \/>Tel: <a href=\"tel:+4981515508209\" target=\"_blank\" rel=\"noreferrer noopener\">+49 8151 5508209<\/a><\/p>\n <style>\n.fa-stack {\n  vertical-align: top;\n}\n.address-content {\n  display: inline-block;\n  margin-left: 8px;\n  margin-bottom: 16px;\n  font-style: italic;\n}\n<\/style>\n<div class=\"address-box\">\n<h3>Tennis &amp; Padel Center Starnberg<\/h3>\n<div class=\"address-contact\"><i class=\"fa fa-circle fa-stack-2x\"><\/i><i class=\"fa fa-map-marker fa-stack-1x fa-inverse\"><\/i>\n<div class=\"address-content\">Gautinger Stra\u00dfe 39 <br \/>82319 Starnberg<\/div>\n<\/div>\n<div class=\"address-contact\"><i class=\"fa fa-circle fa-stack-2x\"><\/i><i class=\"fa fa-phone fa-stack-1x fa-inverse\"><\/i>\n<div class=\"address-content\"><a href=\"tel:+49 8151 44498-55\">+49 8151 44498-55<\/a><\/div>\n<\/div>\n<div class=\"address-contact\"><i class=\"fa fa-circle fa-stack-2x\"><\/i><i class=\"fa fa-envelope-o fa-stack-1x fa-inverse\"><\/i>\n<div class=\"address-content\"><a href=\"mailto:info@tennisanlage-starnberg.de\">info@tennisanlage-starnberg.de<\/a><\/div>\n<\/div>\n<p>\u00a0<\/p>\n<iframe style=\"border: 0; min-height: 225px; min-width: 300px; aspect-ratio: 3\/2; width: 100%;\" src=\"https:\/\/www.google.com\/maps\/embed?pb=!4v1658313449175!6m8!1m7!1sCAoSLEFGMVFpcE9MaVNtcndNQ1h6cEc3WTE0V0t6V21WSWF2U0g3Tkliaml6LU5J!2m2!1d48.012574399893!2d11.34834158378!3f322.36586118235846!4f-3.8599248378271085!5f0.7820865974627469\" allowfullscreen=\"allowfullscreen\"><\/iframe><\/div>\n<\/div>\n<\/div>\n\n<p>\u00a0<\/p>\n\t\t\t\t\t\t\t\t<\/div>\n\t\t\t\t<\/div>\n\t\t\t\t\t<\/div>\n\t\t<\/div>\n\t\t\t\t\t<\/div>\n\t\t<\/section>\n\t\t\t\t<\/div>\n\t\t","protected":false},"excerpt":{"rendered":"<p>Klicken Sie hier um unsere Anlage virtuell zu besichtigen. \u00a0 Das Tennis &amp; Padel Center Starnberg bietet Ihnen das ganze Jahr \u00fcber beste Tennis- und Padelpl\u00e4tze \u2013 ganz ohne Mitgliedschaft! &#8230;<\/p>\n","protected":false},"author":1,"featured_media":0,"parent":0,"menu_order":0,"comment_status":"closed","ping_status":"closed","template":"","meta":{"cybocfi_hide_featured_image":"","footnotes":""},"class_list":["post-2336","page","type-page","status-publish","hentry"],"_links":{"self":[{"href":"https:\/\/www.tennisanlage-starnberg.de\/index.php?rest_route=\/wp\/v2\/pages\/2336","targetHints":{"allow":["GET"]}}],"collection":[{"href":"https:\/\/www.tennisanlage-starnberg.de\/index.php?rest_route=\/wp\/v2\/pages"}],"about":[{"href":"https:\/\/www.tennisanlage-starnberg.de\/index.php?rest_route=\/wp\/v2\/types\/page"}],"author":[{"embeddable":true,"href":"https:\/\/www.tennisanlage-starnberg.de\/index.php?rest_route=\/wp\/v2\/users\/1"}],"replies":[{"embeddable":true,"href":"https:\/\/www.tennisanlage-starnberg.de\/index.php?rest_route=%2Fwp%2Fv2%2Fcomments&post=2336"}],"version-history":[{"count":26,"href":"https:\/\/www.tennisanlage-starnberg.de\/index.php?rest_route=\/wp\/v2\/pages\/2336\/revisions"}],"predecessor-version":[{"id":4474,"href":"https:\/\/www.tennisanlage-starnberg.de\/index.php?rest_route=\/wp\/v2\/pages\/2336\/revisions\/4474"}],"wp:attachment":[{"href":"https:\/\/www.tennisanlage-starnberg.de\/index.php?rest_route=%2Fwp%2Fv2%2Fmedia&parent=2336"}],"curies":[{"name":"wp","href":"https:\/\/api.w.org\/{rel}","templated":true}]}}